he hundreds digit of j(5)?
6
Suppose 2*k = -2*d + 27338, 7*d + 2*d - 5*k - 122979 = 0. What is the units digit of d?
6
Suppose -2*z = 6*z - 48. Suppose 5*k = -2*v + 652, 5*k + v - 649 = 2*v. What is the tens digit of (-117)/z*(k/(-15) + 4)?
9
Let z(l) = l**2 + 7*l + 10. Let b be z(-12). Suppose 20*h = 18*h + b. Let c = h + 27. What is the units digit of c?
2
Suppose -16979 + 4883 = 18*i. Let r = i + 988. What is the tens digit of r?
1
Let p(g) = g**2 - 20*g. Let o be p(20). Suppose o = 5*f + 5*y - 2*y - 74, 62 = 4*f + y. Suppose -17*l + 125 = -f*l. What is the hundreds digit of l?
1
Suppose 0 = -4*i + 395 - 143. Let k = i + -54. Suppose 40 = 10*x - k*x. What is the tens digit of x?
4
Let u = 1458 - -7391. What is the units digit of u?
9
Suppose 2*d + 0*d = 0. Suppose 4*n - 4*b = 1028, -4*n + d*n + 1023 = -5*b. Let y = -176 + n. What is the tens digit of y?
8
What is the tens digit of (-985)/(-3)*(-48513)/(-785)?
9
Let h = -29654 + 94709. What is the ten thousands digit of h?
6
Suppose 5*g - 3*b - 13 = 6, -12 = 4*b. Let f(u) = -u**2 + 5*u + 8. Let a be f(6). Suppose 187 = g*l - 3*t, a*l - 478 = -3*l + 4*t. What is the tens digit of l?
9
Let n(t) = 690*t**2 + 6*t - 13. Let l be n(3). Let i be l/33 + 12/(-9). Suppose 987 - i = 5*q. What is the tens digit of q?
6
Suppose 0 = 47*n + 102692 - 336564. What is the units digit of n?
6
Suppose -1113*w + 2222*w = 1101*w + 283432. What is the ten thousands digit of w?
3
What is the tens digit of 24/36*21 - -9233?
4
Let c be 420 + 0 - 5 - -1. Suppose -4*t + 5*t = -2*j + 279, 0 = 3*j - t - c. What is the tens digit of j?
3
Let z(m) be the first derivative of -21*m**2/2 + 8*m + 37. What is the tens digit of z(-5)?
1
Suppose -6*a + a + 40 = 0. What is the units digit of (-2)/(-4) + (-6)/(-12) + a?
9
Let i(t) = t**3 + 9*t**2 - 13*t - 29. Let z be i(-10). What is the tens digit of (-2)/(z*-4 - (-5418)/1356)?
5
Suppose 3*l = -3*w + 489, 0 = -4*l - 17 + 1. Let f = w + -102. What is the tens digit of f?
6
Let k(f) = 13*f**2 + f + 6. Let l(d) be the third derivative of -d**5/5 - d**4/12 - d**3 - 8*d**2. Let c(x) = -4*k(x) - 5*l(x). What is the tens digit of c(-2)?
2
Suppose 12*h - 16*h - 45160 = -3*z, 3*h + 75296 = 5*z. What is the hundreds digit of z?
0
Let g = 8204 - 6090. What is the hundreds digit of g?
1
Suppose -4332 = 9*j + 213. What is the hundreds digit of (-87668)/j - (-6)/(-10)?
1
Suppose v - 734 = -716. Suppose -3*d = -3*o - d + 361, 5*o - 627 = -3*d. Let m = o + v. What is the tens digit of m?
4
Suppose -16*n + 456267 = -277285. What is the units digit of n?
7
Let v = -8990 + 15384. What is the thousands digit of v?
6
Let l be 117132/32 + (-21)/56. Suppose -34*s = -30*s - l. What is the hundreds digit of s?
9
Let t = 115 - 94. Suppose 119*c - 120*c = -t. What is the tens digit of 1923/c + (-32)/56?
9
What is the hundreds digit of (8/(-40)*(-10)/(-4))/(1/(-15878))?
9
Suppose 0 = i + 5*w - 26, 5*i - i = -4*w + 24. Let r be (i/(-1))/(7/(-434)). Suppose r = -3*h + 272. What is the tens digit of h?
7
What is the tens digit of (2*2713)/(561/3366)?
5
Suppose -71*a + 430351 + 461916 = -68292. What is the units digit of a?
9
Suppose -13 = -9*u + 5. Suppose -4*s - 2*l + 5108 = 0, u*s = 3*l + 846 + 1708. What is the units digit of s?
7
Suppose 3*w = -193*w + 7427420. What is the thousands digit of w?
7
Let w(f) = -f**3 - 18*f**2 + 4. Let s be w(-18). Suppose s*a = 751 + 229. What is the hundreds digit of a?
2
Let s be -2*(-1)/6*-21. Let b be -2 + 0 - (-10 - s). Let t(w) = 50*w**2 + w. What is the tens digit of t(b)?
5
Suppose -5*j = 5*f + 2120, 0 = 4*f + 9 - 1. Let z = j - -959. What is the tens digit of z?
3
Let m = -10480 - -12161. What is the units digit of m?
1
Let f = 23884 - 15706. What is the tens digit of f?
7
Let c(k) = 2*k**3 + k**2 + 7*k - 6. Let o be c(5). Let z(b) = b**3 + 32*b**2 - b - 27. Let d be z(-32). Suppose d*h + o = 9*h. What is the tens digit of h?
7
Let c(h) = -4*h**2 + h - 1. Let t be c(2). Let a be (1 - 0)/(t/(-5400)). What is the tens digit of (4/4)/(5/a)?
7
Let a(b) = 3*b + 24. Let u be a(-11). What is the units digit of (-219)/u*(2 - -1)?
3
Suppose -6*a + 908 = -11176. What is the hundreds digit of a?
0
Let m(t) = 11*t + 3226. What is the units digit of m(-15)?
1
Let j(l) = 100*l - 2926. What is the tens digit of j(31)?
7
Suppose -10*a + 730 = -15*a. Let c = a - -366. What is the tens digit of c?
2
Let s = -828 + 1191. Let k = s - -1. What is the tens digit of k?
6
Let y = 2636 - 3924. What is the tens digit of (18/(-12))/(12/y)?
6
Let k(w) = w**2 + 10*w + 13. Let s be k(-10). Suppose s*z - 16*z + 1794 = 0. What is the tens digit of z?
9
What is the tens digit of 57/456 + -3 + 78477/24?
6
Let f = 27 + -25. Let w be 406/f - (3 - 5). Let x = w - 99. What is the units digit of x?
6
Let m = -11 + 18. Suppose -345*s = -352*s + 63. Suppose -s*c = -m*c - 30. What is the tens digit of c?
1
Suppose -2 = n - 4. Suppose 0 = c - 2*x - 5, -n*c = 4*x - 8 - 2. Suppose -c*h + 288 = 43. What is the units digit of h?
9
What is the units digit of 195/2*1/(42/2212)?
5
Let z(t) be the first derivative of 4*t + 12 + 2*t**3 - 9/2*t**2. What is the units digit of z(4)?
4
Let n = 30374 + -11488. What is the thousands digit of n?
8
Suppose 245211 = 14*k - 53633. What is the units digit of k?
6
Let r = 246 + -252. What is the units digit of r/2 + (-4 - -10) - 2?
1
Suppose 61372 = 5*j - 2*x, -25*j + 28*j - 36804 = -2*x. What is the hundreds digit of j?
2
Let j(o) = -o**3 + 7*o**2 - 2*o + 14. Let y be j(7). Suppose -2*r + 214 = f, 0 = -y*f - f - 5*r + 229. Suppose 20*p = 16*p + f. What is the units digit of p?
1
Let y(a) = -2*a - 6. Let x be y(4). Let m = 17 + x. Let s(i) = 17*i + 4. What is the units digit of s(m)?
5
Let s(j) be the second derivative of -j**5/10 - j**4/2 + 3*j**3/2 + 8*j**2 + 25*j. Let i be s(-12). Suppose 18*q = -106 + i. What is the tens digit of q?
3
Let h = 86788 + -47190. What is the units digit of h?
8
Suppose 104970 = -54*w + 437232. What is the units digit of w?
3
Let s(h) = 5*h + 349. Let z be s(0). Suppose -2*d - u - 127 = 2*u, 5*d - 3*u = -z. Let x = d + 90. What is the tens digit of x?
2
Let b be 2 + (3 - 3) - (-189 + -1). Let d = 30 + b. What is the hundreds digit of d?
2
Suppose 3*k + 209 = 3*f - k, 4*f + 2*k = 264. Let x = 305 - f. What is the units digit of x?
8
Suppose 35920 = -4*b - 5*u + 104579, 2*b - 34297 = -9*u. What is the ten thousands digit of b?
1
Suppose -6*w = -5*m - w + 90, 3*m = -w + 62. Suppose h = -4*h + m. Let a(t) = 2*t + 1. What is the units digit of a(h)?
9
Suppose -15*f - 7995 = -18*f - 3*m, -m - 2663 = -f. What is the units digit of f?
4
Let p(w) = -w**2 + 21*w + 75. Let i be p(24). Suppose 3*l + 10*o = 5*o + 1061, -5*l - i*o = -1763. What is the tens digit of l?
5
Let d(b) = 16*b**2 + 10*b - 12. Let j be d(-6). Suppose 3*h - h = 2*x - 324, 0 = 3*x + 3*h - j. What is the hundreds digit of x?
1
Let n = 2410 + 8084. What is the thousands digit of n?
0
Let o = -233 + 2424. What is the tens digit of o?
9
Let h(l) = -76*l - 107. Let j(x) = 25*x + 36. Let o(n) = -4*h(n) - 11*j(n). Let b be o(4). Let q = 277 - b. What is the units digit of q?
9
Let q = -3107 + 3150. What is the units digit of q?
3
Suppose 2*u = -4, -f + 2*u - 3*u + 20 = 0. What is the units digit of (3 - f/10) + (-2091)/(-5)?
9
Suppose 10*l - 36 = -2*l. What is the hundreds digit of 8930/25 + l/(-15)?
3
Suppose 4 = t + 3*q, 10 = -t - 4*t - 5*q. Let x be (-1)/((-3)/3)*-25. Let u = t - x. What is the tens digit of u?
2
Let q be (3/((-3)/3))/1. What is the units digit of (-10 + 63/9)/(q/307)?
7
Let i(p) = -19233*p - 774. What is the units digit of i(-1)?
9
Suppose -5*a - 39515 = -5*f, 9*a = 10*a - 6. What is the thousands digit of f?
7
Let o = 100 + -95. Suppose o*l + f - 1879 = 0, 3*l - 4*f + 6*f = 1133. Suppose 0 = -5*i - 2*k - 3*k + l, 4*i = -k + 300. What is the units digit of i?
5
Suppose -23*q + q = -176. Suppose 3*d = -3*w + q*d + 2610, 4*w + 5*d - 3445 = 0. What is the units digit of w?
5
Let r(x) = 124*x - 10. Let c be r(7). Let o be (1 - (2 + -2))*10. Suppose -o*q + c = q. What is the units digit of q?
8
Let j(o) = -12*o**3 + 13*o**2 + 7*o + 19. Let n(i) = -7*i**3 + 7*i**2 + 4*i + 9. Let z(v) = -4*j(v) + 7*n(v). What is the tens digit of z(-6)?
9
Let l(k) = -2*k**2 - 5*k + 5. Let q be l